{"id":256,"date":"2024-03-26T08:32:19","date_gmt":"2024-03-26T07:32:19","guid":{"rendered":"http:\/\/www.kami.events\/web\/?page_id=256"},"modified":"2026-04-10T09:12:45","modified_gmt":"2026-04-10T07:12:45","slug":"vorstand","status":"publish","type":"page","link":"https:\/\/www.kami.events\/web\/vorstand\/","title":{"rendered":"Vorstand"},"content":{"rendered":"\n<div class=\"wp-block-cover alignfull is-light\" style=\"margin-top:0;padding-top:5vw;padding-right:5vw;padding-bottom:5vw;padding-left:5vw;min-height:528px;aspect-ratio:unset;\"><span aria-hidden=\"true\" class=\"wp-block-cover__background has-background-dim-100 has-background-dim\" style=\"background-color:#e6f7fa\"><\/span><div class=\"wp-block-cover__inner-container is-layout-constrained wp-container-core-cover-is-layout-a3c43b8d wp-block-cover-is-layout-constrained\">\n<div class=\"wp-block-media-text alignfull has-media-on-the-right is-stacked-on-mobile is-vertically-aligned-center is-image-fill-element\"><div class=\"wp-block-media-text__content\">\n<div class=\"wp-block-group\" style=\"padding-top:2em;padding-right:2em;padding-bottom:2em;padding-left:2em\"><div class=\"wp-block-group__inner-container is-layout-flow wp-block-group-is-layout-flow\">\n<h2 class=\"wp-block-heading has-black-color has-text-color has-link-color has-extra-large-font-size wp-elements-be8b9ae6cdc068cd95e1530f5195a911\"><strong>Patrick<\/strong><\/h2>\n\n\n\n<h2 class=\"wp-block-heading has-black-color has-text-color has-link-color wp-elements-41fd29ee7d416d63da0dd48fc3f94743\" style=\"font-size:27px\">Patrick ist der Kopf und K\u00f6rper des Hofes. Er verwaltet den Hof und die R\u00e4ume. Ohne ihn g\u00e4be es den Hof bzw. den Verein nicht. Um ihn zu entlasten gibt es den Geist und Schl\u00fcsselmeister.<\/h2>\n\n\n\n<p class=\"has-black-color has-text-color has-link-color has-default-sans-font-family has-extra-small-font-size wp-elements-7d9398956e4f7898bc18713ec37dbf05\">\u2013 Der Architekt<\/p>\n<\/div><\/div>\n<\/div><figure class=\"wp-block-media-text__media\"><img loading=\"lazy\" decoding=\"async\" width=\"1024\" height=\"683\" src=\"https:\/\/www.kami.events\/web\/wp-content\/uploads\/2024\/03\/0FD741BF-941B-4C8C-A3B2-C542334AA92F-1024x683.jpeg\" alt=\"\" class=\"wp-image-408 size-full\" style=\"object-position:50% 50%\" srcset=\"https:\/\/www.kami.events\/web\/wp-content\/uploads\/2024\/03\/0FD741BF-941B-4C8C-A3B2-C542334AA92F-1024x683.jpeg 1024w, https:\/\/www.kami.events\/web\/wp-content\/uploads\/2024\/03\/0FD741BF-941B-4C8C-A3B2-C542334AA92F-300x200.jpeg 300w, https:\/\/www.kami.events\/web\/wp-content\/uploads\/2024\/03\/0FD741BF-941B-4C8C-A3B2-C542334AA92F-768x512.jpeg 768w, https:\/\/www.kami.events\/web\/wp-content\/uploads\/2024\/03\/0FD741BF-941B-4C8C-A3B2-C542334AA92F-1536x1024.jpeg 1536w, https:\/\/www.kami.events\/web\/wp-content\/uploads\/2024\/03\/0FD741BF-941B-4C8C-A3B2-C542334AA92F-2048x1365.jpeg 2048w, https:\/\/www.kami.events\/web\/wp-content\/uploads\/2024\/03\/0FD741BF-941B-4C8C-A3B2-C542334AA92F-1568x1045.jpeg 1568w\" sizes=\"auto, (max-width: 1024px) 100vw, 1024px\" \/><\/figure><\/div>\n<\/div><\/div>\n\n\n\n<div class=\"wp-block-cover alignfull is-light\" style=\"margin-top:0;padding-top:5vw;padding-right:5vw;padding-bottom:5vw;padding-left:5vw;min-height:528px;aspect-ratio:unset;\"><span aria-hidden=\"true\" class=\"wp-block-cover__background has-background-dim-100 has-background-dim\" style=\"background-color:#ccedc1\"><\/span><div class=\"wp-block-cover__inner-container is-layout-constrained wp-container-core-cover-is-layout-a3c43b8d wp-block-cover-is-layout-constrained\">\n<div class=\"wp-block-media-text alignfull is-stacked-on-mobile is-vertically-aligned-center is-image-fill-element\"><figure class=\"wp-block-media-text__media\"><img loading=\"lazy\" decoding=\"async\" width=\"1024\" height=\"683\" src=\"https:\/\/www.kami.events\/web\/wp-content\/uploads\/2024\/03\/9A5ED23B-6BEF-458D-8FAC-F28DF6B1502B-1024x683.jpeg\" alt=\"\" class=\"wp-image-411 size-full\" style=\"object-position:50% 50%\" srcset=\"https:\/\/www.kami.events\/web\/wp-content\/uploads\/2024\/03\/9A5ED23B-6BEF-458D-8FAC-F28DF6B1502B-1024x683.jpeg 1024w, https:\/\/www.kami.events\/web\/wp-content\/uploads\/2024\/03\/9A5ED23B-6BEF-458D-8FAC-F28DF6B1502B-300x200.jpeg 300w, https:\/\/www.kami.events\/web\/wp-content\/uploads\/2024\/03\/9A5ED23B-6BEF-458D-8FAC-F28DF6B1502B-768x512.jpeg 768w, https:\/\/www.kami.events\/web\/wp-content\/uploads\/2024\/03\/9A5ED23B-6BEF-458D-8FAC-F28DF6B1502B-1536x1024.jpeg 1536w, https:\/\/www.kami.events\/web\/wp-content\/uploads\/2024\/03\/9A5ED23B-6BEF-458D-8FAC-F28DF6B1502B-2048x1365.jpeg 2048w, https:\/\/www.kami.events\/web\/wp-content\/uploads\/2024\/03\/9A5ED23B-6BEF-458D-8FAC-F28DF6B1502B-1568x1045.jpeg 1568w\" sizes=\"auto, (max-width: 1024px) 100vw, 1024px\" \/><\/figure><div class=\"wp-block-media-text__content\">\n<div class=\"wp-block-group\" style=\"padding-top:2em;padding-right:2em;padding-bottom:2em;padding-left:2em\"><div class=\"wp-block-group__inner-container is-layout-flow wp-block-group-is-layout-flow\">\n<h2 class=\"wp-block-heading has-black-color has-text-color has-link-color has-extra-large-font-size wp-elements-e023eecdc4b89620099bd9a03b25048d\"><strong>Thomas<\/strong><\/h2>\n\n\n\n<h2 class=\"wp-block-heading has-black-color has-text-color has-link-color wp-elements-f012c7ebd3f9c0b8ea54bfae4466c0c5\" style=\"font-size:27px\">Thomas ist der Geist und Schl\u00fcsselmeister des Hofes. Er \u00f6ffnet die Pforten der Wahrnehmung und  verwaltet das Gr\u00fcne, die B\u00fccher, das Sein und die Geister. Du kannst ihn jederzeit alles fragen. Er dient dem Hof als zentraler Ansprechpartner. Damit ihm ein Licht auf geht, gibt es den Lichtbringer.<\/h2>\n\n\n\n<p class=\"has-black-color has-text-color has-link-color has-default-sans-font-family has-extra-small-font-size wp-elements-51b1e1040a78b67ab8b2c5b82e93576b\">\u2013 Der Geist<\/p>\n<\/div><\/div>\n<\/div><\/div>\n<\/div><\/div>\n\n\n\n<div class=\"wp-block-cover alignfull is-light\" style=\"margin-top:0;padding-top:5vw;padding-right:5vw;padding-bottom:5vw;padding-left:5vw;min-height:528px;aspect-ratio:unset;\"><span aria-hidden=\"true\" class=\"wp-block-cover__background has-background-dim-100 has-background-dim\" style=\"background-color:#e7dcf2\"><\/span><div class=\"wp-block-cover__inner-container is-layout-constrained wp-container-core-cover-is-layout-a3c43b8d wp-block-cover-is-layout-constrained\">\n<div class=\"wp-block-media-text alignfull has-media-on-the-right is-stacked-on-mobile is-vertically-aligned-center is-image-fill-element\"><div class=\"wp-block-media-text__content\">\n<div class=\"wp-block-group\" style=\"padding-top:2em;padding-right:2em;padding-bottom:2em;padding-left:2em\"><div class=\"wp-block-group__inner-container is-layout-flow wp-block-group-is-layout-flow\">\n<h2 class=\"wp-block-heading has-black-color has-text-color has-link-color has-extra-large-font-size wp-elements-3e26a453525c02cf4070bf3de58c214f\"><strong>Damian<\/strong><\/h2>\n\n\n\n<h2 class=\"wp-block-heading has-black-color has-text-color has-link-color wp-elements-9622e86843b6aaf703e1792e5e9984e2\" style=\"font-size:27px\">Damian ist der Prometheus des Hofes. Er ist zust\u00e4ndig bzw. Ansprechpartner f\u00fcr alle elektronischen Angelegenheiten. Ob WLAN oder Zentralversorgung, SmartHome oder ChatGPT, er erledigt alles oder kennt zumindest den, der alles kennt.<\/h2>\n\n\n\n<p class=\"has-black-color has-text-color has-link-color has-default-sans-font-family has-extra-small-font-size wp-elements-b241b964145646a774af8b482d44b5ed\">\u2013 Der Lichtbringer<\/p>\n<\/div><\/div>\n<\/div><figure class=\"wp-block-media-text__media\"><img loading=\"lazy\" decoding=\"async\" width=\"1024\" height=\"682\" src=\"https:\/\/www.kami.events\/web\/wp-content\/uploads\/2024\/03\/DSCF6544-1-1024x682.jpg\" alt=\"\" class=\"wp-image-317 size-full\" style=\"object-position:50% 50%\" srcset=\"https:\/\/www.kami.events\/web\/wp-content\/uploads\/2024\/03\/DSCF6544-1-1024x682.jpg 1024w, https:\/\/www.kami.events\/web\/wp-content\/uploads\/2024\/03\/DSCF6544-1-300x200.jpg 300w, https:\/\/www.kami.events\/web\/wp-content\/uploads\/2024\/03\/DSCF6544-1-768x512.jpg 768w, https:\/\/www.kami.events\/web\/wp-content\/uploads\/2024\/03\/DSCF6544-1.jpg 1400w\" sizes=\"auto, (max-width: 1024px) 100vw, 1024px\" \/><\/figure><\/div>\n<\/div><\/div>\n\n\n\n<div class=\"wp-block-cover alignfull is-light\" style=\"margin-top:0;padding-top:5vw;padding-right:5vw;padding-bottom:5vw;padding-left:5vw;min-height:528px;aspect-ratio:unset;\"><span aria-hidden=\"true\" class=\"wp-block-cover__background has-background-dim-100 has-background-dim\" style=\"background-color:#fae2da\"><\/span><div class=\"wp-block-cover__inner-container is-layout-constrained wp-container-core-cover-is-layout-a3c43b8d wp-block-cover-is-layout-constrained\">\n<div class=\"wp-block-media-text alignfull is-stacked-on-mobile is-vertically-aligned-center is-image-fill-element\"><figure class=\"wp-block-media-text__media\"><img loading=\"lazy\" decoding=\"async\" width=\"1024\" height=\"683\" src=\"https:\/\/www.kami.events\/web\/wp-content\/uploads\/2025\/04\/leo-1024x683.jpg\" alt=\"\" class=\"wp-image-1202 size-full\" style=\"object-position:50% 50%\" srcset=\"https:\/\/www.kami.events\/web\/wp-content\/uploads\/2025\/04\/leo-1024x683.jpg 1024w, https:\/\/www.kami.events\/web\/wp-content\/uploads\/2025\/04\/leo-300x200.jpg 300w, https:\/\/www.kami.events\/web\/wp-content\/uploads\/2025\/04\/leo-768x512.jpg 768w, https:\/\/www.kami.events\/web\/wp-content\/uploads\/2025\/04\/leo-1536x1024.jpg 1536w, https:\/\/www.kami.events\/web\/wp-content\/uploads\/2025\/04\/leo.jpg 1600w\" sizes=\"auto, (max-width: 1024px) 100vw, 1024px\" \/><\/figure><div class=\"wp-block-media-text__content\">\n<div class=\"wp-block-group\" style=\"padding-top:2em;padding-right:2em;padding-bottom:2em;padding-left:2em\"><div class=\"wp-block-group__inner-container is-layout-flow wp-block-group-is-layout-flow\">\n<h2 class=\"wp-block-heading has-black-color has-text-color has-link-color has-extra-large-font-size wp-elements-acad2a029feb53975ce9a895c9f8e4f1\"><strong>Leo<\/strong><\/h2>\n\n\n\n<h2 class=\"wp-block-heading has-black-color has-text-color has-link-color wp-elements-e38ed12b1fa54cdaf06a0d1d15d86d23\" style=\"font-size:27px\">Leo ist der Schatzmeister und verwaltet die Kassen des Vereins. Auf ihm lastet die finanzielle B\u00fcrde des gesamten Vereins. Entlaste ihn und unterst\u00fctze uns! Er freut sich auf dein Engagement!<\/h2>\n\n\n\n<p class=\"has-black-color has-text-color has-link-color has-default-sans-font-family has-extra-small-font-size wp-elements-e64c66026363e5b5aba00258185f7145\">\u2013 Der Schatzmeister<\/p>\n<\/div><\/div>\n<\/div><\/div>\n<\/div><\/div>\n\n\n\n<div class=\"wp-block-cover alignfull is-light\" style=\"margin-top:0;padding-top:5vw;padding-right:5vw;padding-bottom:5vw;padding-left:5vw;min-height:528px;aspect-ratio:unset;\"><span aria-hidden=\"true\" class=\"wp-block-cover__background has-background-dim-100 has-background-dim\" style=\"background-color:#feeda2\"><\/span><div class=\"wp-block-cover__inner-container is-layout-constrained wp-container-core-cover-is-layout-a3c43b8d wp-block-cover-is-layout-constrained\">\n<h2 class=\"wp-block-heading has-black-color has-text-color has-link-color wp-elements-67209f1a0d1ee12351db1c5366b58dc5\" style=\"font-size:27px\">Wir sind noch mehr, aber suchen immer neue Menschen, die sich engagieren und einbringen. <\/h2>\n\n\n\n<p><\/p>\n\n\n\n<h2 class=\"wp-block-heading has-black-color has-text-color has-link-color wp-elements-2d521e89e0cb0c7bcf7419511238593e\"><strong>Unterst\u00fctze uns im Verein!<\/strong><\/h2>\n\n\n\n<h2 class=\"wp-block-heading has-black-color has-text-color has-link-color wp-elements-bb8e02d060a71ad91d96036326548f8c\" style=\"font-size:27px;line-height:1.4\">Du hast Lust auf neue Projekte? Eine Veranstaltung oder einen Workshop zu organisieren? Du bist neu in der Stadt und w\u00fcrdest gerne Leute kennenlernen oder vielleicht hast du sogar eine ganz andere Idee? Dann melde dich bei uns. Wir freuen uns \u00fcber jede Unterst\u00fctzung und vor allem dich kennenzulernen!<\/h2>\n\n\n\n<div class=\"wp-block-buttons is-horizontal is-content-justification-center is-layout-flex wp-container-core-buttons-is-layout-499968f5 wp-block-buttons-is-layout-flex\">\n<div class=\"wp-block-button has-custom-width wp-block-button__width-75 is-style-outline is-style-outline--1\"><a class=\"wp-block-button__link has-foreground-color has-white-background-color has-text-color has-background has-border-color has-foreground-border-color has-text-align-center wp-element-button\" href=\"https:\/\/www.kami.events\/web\/kontakt\/\" style=\"border-radius:50px\">Kontakt<\/a><\/div>\n<\/div>\n<\/div><\/div>\n","protected":false},"excerpt":{"rendered":"","protected":false},"author":1,"featured_media":0,"parent":0,"menu_order":0,"comment_status":"closed","ping_status":"closed","template":"","meta":{"footnotes":""},"class_list":["post-256","page","type-page","status-publish","hentry","entry"],"_links":{"self":[{"href":"https:\/\/www.kami.events\/web\/wp-json\/wp\/v2\/pages\/256","targetHints":{"allow":["GET"]}}],"collection":[{"href":"https:\/\/www.kami.events\/web\/wp-json\/wp\/v2\/pages"}],"about":[{"href":"https:\/\/www.kami.events\/web\/wp-json\/wp\/v2\/types\/page"}],"author":[{"embeddable":true,"href":"https:\/\/www.kami.events\/web\/wp-json\/wp\/v2\/users\/1"}],"replies":[{"embeddable":true,"href":"https:\/\/www.kami.events\/web\/wp-json\/wp\/v2\/comments?post=256"}],"version-history":[{"count":71,"href":"https:\/\/www.kami.events\/web\/wp-json\/wp\/v2\/pages\/256\/revisions"}],"predecessor-version":[{"id":1398,"href":"https:\/\/www.kami.events\/web\/wp-json\/wp\/v2\/pages\/256\/revisions\/1398"}],"wp:attachment":[{"href":"https:\/\/www.kami.events\/web\/wp-json\/wp\/v2\/media?parent=256"}],"curies":[{"name":"wp","href":"https:\/\/api.w.org\/{rel}","templated":true}]}}